se
Is 23 a factor of 92?
True
Is 1692 a multiple of 47?
True
Is 43507 a multiple of 313?
True
Is 83 a factor of 22393?
False
Is 343 a multiple of 7?
True
Does 3 divide 61?
False
Does 26 divide 51?
False
Is 4199 a multiple of 7?
False
Does 9 divide 117?
True
Is 247 a factor of 9386?
True
Is 184 a factor of 8680?
False
Does 35 divide 39160?
False
Is 403 a multiple of 9?
False
Is 7 a factor of 88?
False
Is 61 a factor of 37667?
False
Is 64394 a multiple of 58?
False
Does 5 divide 4053?
False
Is 771 a multiple of 103?
False
Is 42 a factor of 4158?
True
Is 28761 a multiple of 15?
False
Is 126 a factor of 14933?
False
Does 13 divide 4463?
False
Does 13 divide 598?
True
Is 22984 a multiple of 52?
True
Is 2806 a multiple of 23?
True
Does 12 divide 29736?
True
Does 39 divide 4446?
True
Does 13 divide 409?
False
Is 150 a factor of 3939?
False
Is 32 a factor of 5376?
True
Is 770 a multiple of 11?
True
Is 1405 even?
False
Is 6981 a multiple of 67?
False
Does 103 divide 1854?
True
Is 8 a factor of 88?
True
Is 325 a multiple of 13?
True
Is 217 a multiple of 21?
False
Does 5 divide 910?
True
Does 11 divide 308?
True
Is 45210 a multiple of 30?
True
Is 15 a factor of 69735?
True
Does 49 divide 1852?
False
Is 9 a factor of 756?
True
Is 18 a factor of 92?
False
Is 3192 a multiple of 34?
False
Is 793 a multiple of 13?
True
Does 24 divide 192?
True
Is 102 a factor of 17034?
True
Is 230 a multiple of 10?
True
Does 7 divide 1202?
False
Is 3 a factor of 231?
True
Is 47715 a multiple of 17?
False
Is 14 a factor of 847?
False
Is 4 a factor of 6024?
True
Is 32 a factor of 17408?
True
Is 16 a multiple of 2?
True
Is 849 a multiple of 14?
False
Does 33 divide 275?
False
Does 40 divide 760?
True
Does 32 divide 392?
False
Does 168 divide 7728?
True
Does 12 divide 7968?
True
Does 203 divide 1163?
False
Does 17 divide 1003?
True
Does 109 divide 1744?
True
Does 9 divide 5652?
True
Is 8 a factor of 492?
False
Is 4612 a multiple of 4?
True
Does 19 divide 684?
True
Does 3 divide 90?
True
Is 211 a factor of 21100?
True
Is 14 a factor of 1144?
False
Is 6645 a multiple of 22?
False
Is 11 a factor of 2299?
True
Is 13418 a multiple of 55?
False
Is 49910 a multiple of 10?
True
Is 1278 a multiple of 32?
False
Does 137 divide 6533?
False
Does 30 divide 514?
False
Is 184 a multiple of 6?
False
Does 9 divide 181?
False
Is 1373 a multiple of 36?
False
Does 39 divide 234?
True
Is 901 a multiple of 17?
True
Does 12 divide 353?
False
Is 21 a factor of 1538?
False
Is 130 a factor of 8580?
True
Is 21 a factor of 19509?
True
Is 14 a factor of 891?
False
Is 35 a factor of 31710?
True
Is 4752 a multiple of 8?
True
Does 21 divide 1134?
True
Is 29 a factor of 5757?
False
Is 150297 a multiple of 421?
True
Does 249 divide 6225?
True
Is 15 a factor of 990?
True
Is 7 a factor of 480?
False
Is 154 a factor of 19679?
False
Is 24 a factor of 16655?
False
Does 87 divide 10788?
True
Is 18 a factor of 82?
False
Is 16 a factor of 880?
True
Does 10 divide 14920?
True
Is 25 a factor of 525?
True
Is 1040 a multiple of 20?
True
Is 2 a factor of 4706?
True
Is 4 a factor of 8582?
False
Is 2723 a multiple of 70?
False
Is 160 a factor of 1760?
True
Is 345 a multiple of 13?
False
Is 3240 a multiple of 8?
True
Does 2 divide 164?
True
Is 176 a multiple of 22?
True
Is 5231 a multiple of 18?
False
Is 69 a factor of 3450?
True
Is 9 a factor of 1308?
False
Is 15591 a multiple of 12?
False
Does 29 divide 1633?
False
Is 16 a factor of 1138?
False
Is 2594 a multiple of 14?
False
Is 6 a factor of 995?
False
Does 42 divide 41515?
False
Does 9 divide 1104?
False
Is 1616 a multiple of 101?
True
Does 5 divide 13497?
False
Is 1720 a multiple of 11?
False
Is 12597 a multiple of 13?
True
Is 7480 a multiple of 5?
True
Is 9 a factor of 145?
False
Is 1581 a multiple of 21?
False
Is 49 a factor of 12055?
False
Is 143 a factor of 3700?
False
Does 2 divide 145?
False
Does 55 divide 55518?
False
Is 7 a factor of 423?
False
Is 51954 a multiple of 42?
True
Does 2 divide 508?
True
Is 11 a factor of 1021?
False
Is 108 a factor of 70316?
False
Is 14706 a multiple of 86?
True
Is 8026 a multiple of 78?
False
Is 41 a factor of 110208?
True
Is 50449 a multiple of 7?
True
Does 30 divide 1581?
False
Is 16 a factor of 624?
True
Is 3 a factor of 695?
False
Is 573 a multiple of 16?
False
Is 40 a factor of 1040?
True
Is 6154 a multiple of 181?
True
Does 75 divide 14025?
True
Does 19 divide 1520?
True
Does 15 divide 417?
False
Is 15 a factor of 5066?
False
Does 24 divide 110256?
True
Does 10 divide 393?
False
Is 52 a factor of 9702?
False
Is 160 a multiple of 65?
False
Is 29960 a multiple of 5?
True
Is 39882 a multiple of 65?
False
Does 5 divide 28161?
False
Does 17 divide 4916?
False
Is 73521 a multiple of 63?
True
Does 264 divide 139128?
True
Is 42 a factor of 1346?
False
Is 5 a factor of 2510?
True
Is 4926 a multiple of 9?
False
Is 59570 a multiple of 418?
False
Does 35 divide 1215?
False
Does 10 divide 1530?
True
Does 5 divide 214?
False
Is 10 a factor of 98?
False
Is 73 a factor of 136951?
False
Is 1576 a multiple of 55?
False
Is 60 a factor of 240?
True
Is 1640 a multiple of 12?
False
Is 400 a multiple of 5?
True
Does 3 divide 17?
False
Does 173 divide 30967?
True
Does 15 divide 1050?
True
Is 8056 a multiple of 53?
True
Is 83 a factor of 996?
True
Is 5 a factor of 2055?
True
Does 5 divide 294?
False
Does 24 divide 1752?
True
Is 1276 a multiple of 29?
True
Is 2 a factor of 2288?
True
Does 10 divide 2742?
False
Does 29 divide 609?
True
Does 84 divide 75684?
True
Is 47 a factor of 2733?
False
Does 8 divide 2016?
True
Does 48 divide 912?
True
Is 35996 a multiple of 23?
False
Is 426 a multiple of 71?
True
Does 6 divide 36?
True
Is 42003 a multiple of 39?
True
Is 4216 a multiple of 62?
True
Does 25 divide 292?
False
Is 27 a factor of 162?
True
Does 18 divide 6480?
True
Is 117 a multiple of 13?
True
Is 153 a factor of 5247?
False
Is 25 a factor of 3199?
False
Is 5496 a multiple of 55?
False
Does 43 divide 1763?
True
Is 6 a factor of 2358?
True
Does 100 divide 43090?
False
Does 26 divide 1263?
False
Does 3 divide 727?
False
Does 14 divide 1050?
True
Does 59 divide 3629?
False
Is 77104 a multiple of 61?
True
Is 21 a factor of 577?
False
Is 36 a factor of 948?
False
Is 14504 even?
True
Is 247 even?
False
Is 5002 a multiple of 134?
False
Is 591 a multiple of 3?
True
Is 30 a factor of 850?
False
Is 155 a factor of 5735?
True
Does 14 divide 2212?
True
Is 24 a factor of 4704?
True
Is 6 a factor of 60?
True
Does 10 divide 7900?
True
Does 13 divide 2020?
False
Is 10 a factor of 882?
False
Does 14 divide 60942?
True
Is 5 a factor of 24676?
False
Does 10 divide 78644?
False
Does 18 divide 5794?
False
Does 34 divide 11957?
False
Does 7 divide 81?
False
Is 1730 a multiple of 6?
False
Is 43 a factor of 2236?
True
Is 1584 a multiple of 16?
True
Is 12 a factor of 2040?
True
Does 104 divide 6864?
True
Does 6 divide 93?
False
Does 134 divide 62920?
False
Is 3 a factor of 118?
False
Does 122 divide 35380?
True
Is 87 a multiple of 7?
False
Does 66 divide 4158?
True
Is 20778 a multiple of 12?
False
Is 5724 a multiple of 18?
True
Does 15 divide 573?
False
Does 39 divide 5187?
True
Does 170 divide 80562?
False
Is 11 a factor of 6875?
True
Does 14 divide 574?
True
Does 61 divide 11468?
True
Is 910 a multiple of 65?
True
Is 64170 a multiple of 46?
True
Is 4365 a multiple of 5?
True
Does 6 divide 1602?
True
Does 22 divide 2398?
True
Is 456 a multiple of 20?
False
Is 70 a factor of 30464?
False
Is 192 a multiple of 5?
False
Does 10 divide 7439?
False
Is 6748 a multiple of 18?
False
Is 3968 a multiple of 32?
True
Does 6 divide 978?
True
Is 92 a factor of 5888?
True
Is 7 a factor of 115?
False
Is 29 a factor of 2842?
True
Is 1594 a multiple of 8?
False
Is 18693 a multiple of 67?
True
Does 3 divide 10085?
False
Is 12360 a multiple of 8?
True
Is 83 a factor of 8900?
False
Is 175 a factor of 29575?
True
Is 876 a multiple of 6?
True
Does 8 divide 1625?
False
Does 22 divide 1665?
False
Is 1725 a multiple of 75?
True
Is 13751 a multiple of 70?
False
Is 962 a multiple of 26?
True
Does 15 divide 3004?
False
Does 144 divide 11376?
True
Is 79 a factor of 2469?
False
Is 135 a factor of 1872?
False
Does 3 divide 601?
False
Is 33 a factor of 4471?
False
Does 3 divide 2087?
False
Is 23352 a multipl